ple of 1046?
True
Is 85 a factor of 465170405?
True
Is 58 a factor of 88257419?
False
Does 7 divide 2547157?
False
Does 1168 divide 4701200?
True
Is 516687740 a multiple of 164?
True
Is 174127700 a multiple of 2342?
True
Is 88 a factor of 417380040?
True
Is 70121265 a multiple of 333?
False
Is 681993648 a multiple of 22?
False
Is 25 a factor of 47025732?
False
Is 35 a factor of 49616560?
True
Is 20 a factor of 385417177?
False
Does 112 divide 49242244?
False
Is 175306283 a multiple of 57?
False
Is 26754552 a multiple of 9?
True
Is 138706260 a multiple of 490?
True
Is 886755 a multiple of 15?
True
Is 3472801 a multiple of 350?
False
Is 2596 a factor of 905116168?
True
Is 1664248252 a multiple of 4325?
False
Is 1184433306 a multiple of 21?
True
Is 208480372 a multiple of 1519?
False
Is 1058997546 a multiple of 18?
True
Is 125840273 a multiple of 803?
False
Is 4446 a factor of 841995772?
False
Does 18 divide 490069008?
True
Is 878 a factor of 164286655?
False
Is 73 a factor of 959493677?
True
Is 1503263 a multiple of 9?
False
Does 86 divide 1285700745?
False
Is 656 a factor of 2475264464?
True
Is 622 a factor of 590152356?
True
Is 6453 a factor of 566408922?
False
Does 49 divide 377302891?
True
Is 877 a factor of 55718387?
False
Is 21782161 a multiple of 29?
True
Is 299433366 a multiple of 13?
False
Is 526 a factor of 14065766?
True
Does 73 divide 4663075?
False
Does 18 divide 102897198?
True
Is 236 a factor of 397449724?
True
Does 520 divide 135399600?
False
Is 1263 a factor of 350179380?
True
Does 1646 divide 138870341?
False
Does 31 divide 39227927?
True
Does 152 divide 27249423?
False
Does 188 divide 150664131?
False
Is 6 a factor of 1993325?
False
Does 14 divide 42735265?
False
Is 10186260 a multiple of 79?
True
Is 10923909 a multiple of 3?
True
Does 464 divide 20359392?
True
Does 126 divide 10862964?
True
Is 1172 a factor of 6284467?
False
Is 19 a factor of 43819977?
False
Is 1736 a factor of 2107030072?
True
Is 18 a factor of 819043231?
False
Does 17 divide 1305169816?
False
Is 1736211954 a multiple of 79?
False
Does 1014 divide 6548412?
True
Is 38562967 a multiple of 876?
False
Is 3174642185 a multiple of 9295?
True
Does 2569 divide 66533782?
False
Does 7 divide 29286341?
True
Is 4978874591 a multiple of 56?
False
Is 2 a factor of 245140408?
True
Does 39 divide 11315290?
False
Does 64 divide 114763954?
False
Is 10 a factor of 31664367?
False
Does 1759 divide 1668336505?
False
Is 259427466 a multiple of 19?
False
Is 33 a factor of 18186744?
False
Is 1422 a factor of 402675953?
False
Does 20 divide 1209217002?
False
Is 32983239 a multiple of 7?
False
Is 8 a factor of 1892057?
False
Is 1313 a factor of 159985265?
False
Is 125 a factor of 14152000?
True
Is 35 a factor of 1914637431?
False
Does 105 divide 10413375?
True
Is 222 a factor of 60975408?
True
Is 12 a factor of 64904256?
True
Does 106 divide 38339458?
True
Is 75 a factor of 1791257171?
False
Is 19736828 a multiple of 1606?
False
Is 9397565 a multiple of 329?
False
Does 11 divide 384175577?
False
Is 3616364 a multiple of 41?
True
Does 6 divide 837479070?
True
Is 365129683 a multiple of 11?
False
Does 1281 divide 343058205?
True
Does 40 divide 37989960?
True
Does 1259 divide 111345960?
True
Is 24 a factor of 1541864642?
False
Does 463 divide 25198508?
False
Is 1722 a factor of 786309851?
False
Does 186 divide 25543566?
True
Is 975162391 a multiple of 1317?
False
Does 588 divide 586267164?
True
Is 14 a factor of 1419724185?
False
Is 14 a factor of 1385489140?
True
Is 1026726913 a multiple of 544?
False
Is 34 a factor of 19642566?
False
Does 23 divide 10607154?
False
Is 69639120 a multiple of 72?
True
Is 90 a factor of 812518788?
False
Is 90 a factor of 91601967?
False
Is 71623090 a multiple of 2674?
True
Does 72 divide 302570647?
False
Is 230 a factor of 507524670?
True
Is 29110250 a multiple of 32?
False
Is 12 a factor of 264216?
True
Is 1693206755 a multiple of 115?
True
Is 26978484 a multiple of 636?
True
Is 27392586 a multiple of 39?
True
Is 57343553 a multiple of 232?
False
Is 518632848 a multiple of 36?
True
Is 33 a factor of 1066874952?
True
Does 21 divide 45394608?
True
Does 306 divide 491282694?
True
Is 176 a factor of 767997591?
False
Is 266 a factor of 23972452?
True
Is 1185893509 a multiple of 344?
False
Does 138 divide 1746252?
True
Is 13849440 a multiple of 3?
True
Is 61 a factor of 10520914?
True
Is 14462185 a multiple of 8?
False
Is 323 a factor of 47361490?
True
Does 3511 divide 53815993?
False
Is 418 a factor of 1055035383?
False
Is 431 a factor of 429092?
False
Does 1422 divide 14254745?
False
Does 66 divide 502987474?
False
Is 1946 a factor of 375233928?
False
Does 2019 divide 13152318?
False
Is 21446734 a multiple of 1126?
False
Does 93 divide 74366334?
True
Is 217516536 a multiple of 12?
True
Is 298965994 a multiple of 48?
False
Is 1579814754 a multiple of 126?
False
Does 18 divide 857977236?
True
Is 85 a factor of 48272435?
True
Is 12 a factor of 30272460?
True
Is 2974 a factor of 20975622?
True
Does 9 divide 273616187?
False
Is 1604123009 a multiple of 349?
True
Does 15 divide 52551325?
False
Is 27445838 a multiple of 53?
True
Is 297477890 a multiple of 10?
True
Is 7946907227 a multiple of 1504?
False
Is 22 a factor of 24117082?
True
Is 1667 a factor of 137047404?
True
Is 91760324 a multiple of 248?
False
Does 22 divide 7654616?
False
Does 1762 divide 3972582?
False
Is 37661247 a multiple of 673?
False
Is 3 a factor of 4693610?
False
Is 30 a factor of 1358050?
False
Is 340146855 a multiple of 15?
True
Does 268 divide 185438044?
True
Is 886 a factor of 48045122?
True
Is 757 a factor of 506436785?
True
Does 6375 divide 311616375?
True
Does 25 divide 918915375?
True
Is 95 a factor of 110726965?
True
Is 468143678 a multiple of 12?
False
Is 95 a factor of 516888559?
False
Does 369 divide 43057134?
True
Is 13228741 a multiple of 2934?
False
Is 7427 a factor of 1731337678?
True
Is 119042187 a multiple of 87?
True
Is 103681948 a multiple of 813?
False
Is 153 a factor of 45699723?
True
Is 40165031 a multiple of 10?
False
Is 40304208 a multiple of 28?
True
Is 23 a factor of 69892561?
True
Is 106530560 a multiple of 595?
False
Is 79442604 a multiple of 12?
True
Is 6 a factor of 611061752?
False
Does 15 divide 4692392?
False
Is 145368508 a multiple of 813?
False
Does 50 divide 26444216?
False
Is 11 a factor of 8467283?
True
Is 1233659778 a multiple of 78?
True
Is 7 a factor of 717011587?
False
Does 190 divide 972961880?
True
Does 38 divide 27403267?
False
Does 932 divide 916302324?
True
Is 6 a factor of 172478406?
True
Is 7 a factor of 8554088?
False
Does 269 divide 28754755?
True
Is 175136984 a multiple of 722?
True
Is 5748078 a multiple of 45?
False
Is 721 a factor of 12886433?
True
Is 1531287553 a multiple of 7240?
False
Does 3 divide 37379271?
True
Is 715061760 a multiple of 240?
True
Does 13 divide 152107215?
True
Is 125 a factor of 2058619500?
True
Is 14058539 even?
False
Is 5868 a factor of 2777811444?
True
Does 3 divide 126711413?
False
Is 134 a factor of 1560086692?
True
Is 38 a factor of 113362233?
False
Is 607 a factor of 104115097?
False
Does 2745 divide 90750535?
False
Is 35887714 a multiple of 17?
True
Is 289 a factor of 68181719?
False
Does 7409 divide 2951413616?
False
Is 374 a factor of 14326818?
True
Is 87026442 a multiple of 15?
False
Is 44940389 a multiple of 205?
False
Does 281 divide 29141319?
False
Is 14865335 a multiple of 367?
True
Is 94451684 a multiple of 74?
False
Is 1517409260 a multiple of 4?
True
Does 7 divide 93802420?
False
Is 487554504 a multiple of 3754?
True
Is 5126 a factor of 26882564?
False
Does 178 divide 19037100?
True
Is 22 a factor of 19365670?
False
Does 24 divide 1285875?
False
Is 22804874 a multiple of 14?
False
Is 869 a factor of 13592898?
True
Is 129810086 a multiple of 317?
False
Does 47 divide 67447726?
True
Does 385 divide 40342320?
False
Is 120 a factor of 30253560?
True
Is 10 a factor of 164796790?
True
Does 75 divide 60435150?
True
Does 151 divide 33695348?
True
Is 309548096 a multiple of 596?
True
Is 2144737063 a multiple of 37?
False
Is 16 a factor of 95168?
True
Is 1090 a factor of 87003800?
True
Does 425 divide 961173310?
False
Is 43 a factor of 638869060?
True
Does 4 divide 1746625?
False
Is 10 a factor of 70775